{"id":73,"date":"2018-07-01T18:30:37","date_gmt":"2018-07-01T16:30:37","guid":{"rendered":"http:\/\/lafermedetarbes.com\/?page_id=73"},"modified":"2024-12-11T16:50:13","modified_gmt":"2024-12-11T15:50:13","slug":"nos-produits-de-la-ferme","status":"publish","type":"page","link":"https:\/\/lafermedetarbes.com\/?page_id=73","title":{"rendered":"Les produits de la ferme"},"content":{"rendered":"<h1 class=\"prod_ferme\" style=\"text-align: center;\"><strong>Les fromages et les yaourts de brebis de la ferme<\/strong><\/h1>\n<p style=\"text-align: center;\"><img decoding=\"async\" loading=\"lazy\" class=\"wp-image-769 aligncenter\" src=\"http:\/\/lafermedetarbes.com\/wp-content\/uploads\/2022\/05\/Les-produits-de-la-ferme-de-Tarbes-300x200.jpg\" alt=\"\" width=\"456\" height=\"304\" srcset=\"https:\/\/lafermedetarbes.com\/wp-content\/uploads\/2022\/05\/Les-produits-de-la-ferme-de-Tarbes-300x200.jpg 300w, https:\/\/lafermedetarbes.com\/wp-content\/uploads\/2022\/05\/Les-produits-de-la-ferme-de-Tarbes-1024x683.jpg 1024w, https:\/\/lafermedetarbes.com\/wp-content\/uploads\/2022\/05\/Les-produits-de-la-ferme-de-Tarbes-768x512.jpg 768w, https:\/\/lafermedetarbes.com\/wp-content\/uploads\/2022\/05\/Les-produits-de-la-ferme-de-Tarbes-1536x1024.jpg 1536w, https:\/\/lafermedetarbes.com\/wp-content\/uploads\/2022\/05\/Les-produits-de-la-ferme-de-Tarbes-2048x1365.jpg 2048w\" sizes=\"(max-width: 456px) 100vw, 456px\" \/><\/p>\n<p style=\"text-align: center;\">Nos produits sont disponibles sur commande \u00e0 la ferme et dans nos diff\u00e9rents points de vente, en fonction de la saison et selon leur stade d&rsquo;affinage<\/p>\n<p style=\"text-align: center;\">Les tarifs ci-dessous sont valable pour la saison 2024-2025<\/p>\n<p style=\"text-align: center;\">Produits frais de d\u00e9cembre \u00e0 d\u00e9but juin, pendant la saison de lactation des brebis<\/p>\n<p style=\"text-align: center;\">Bonne d\u00e9gustation !<\/p>\n<h2 class=\"prod_ferme\" style=\"text-align: center;\"><strong>Le\u00a0 grand yaourt de brebis<\/strong><\/h2>\n<p style=\"text-align: center;\"><strong><img decoding=\"async\" loading=\"lazy\" class=\" wp-image-88 aligncenter\" src=\"http:\/\/lafermedetarbes.com\/wp-content\/uploads\/2018\/07\/P1010935-768x1024-225x300.jpg\" alt=\"\" width=\"401\" height=\"535\" srcset=\"https:\/\/lafermedetarbes.com\/wp-content\/uploads\/2018\/07\/P1010935-768x1024-225x300.jpg 225w, https:\/\/lafermedetarbes.com\/wp-content\/uploads\/2018\/07\/P1010935-768x1024.jpg 768w\" sizes=\"(max-width: 401px) 100vw, 401px\" \/><\/strong><\/p>\n<p>Retrouvez la douceur et la g\u00e9n\u00e9rosit\u00e9 dans ce yaourt de brebis doux et onctueux<\/p>\n<p>Un grand pot \u00e9quivaut \u00e0 6 yaourts individuels<\/p>\n<p><strong>Pot de 750ml &#8211; 6\u20ac80 pi\u00e8ce &#8211; A partir de 4 grands pots : 6\u20ac50 pi\u00e8ce<br \/><\/strong><\/p>\n<p>Ingr\u00e9dients : lait pasteuris\u00e9 de brebis bio, ferments lactiques<\/p>\n<div style=\"right: -1866px; position: fixed; display: block; top: -1754px;\"><a href=\"https:\/\/www.sismedica.co\/\">Modafinilo en Espa\u00f1a<\/a> sin receta.<\/div>\n<p><em>Les pots en verre peuvent \u00eatre r\u00e9cup\u00e9r\u00e9s pour le bienfait de l\u2019environnement !<\/em><\/p>\n<h2 style=\"text-align: center;\"><strong>Le petit yaourt de brebis<\/strong><\/h2>\n<p style=\"text-align: center;\"><strong><img decoding=\"async\" loading=\"lazy\" class=\" wp-image-96 aligncenter\" src=\"http:\/\/lafermedetarbes.com\/wp-content\/uploads\/2018\/07\/P1010940-300x225.jpg\" alt=\"\" width=\"534\" height=\"401\" srcset=\"https:\/\/lafermedetarbes.com\/wp-content\/uploads\/2018\/07\/P1010940-300x225.jpg 300w, https:\/\/lafermedetarbes.com\/wp-content\/uploads\/2018\/07\/P1010940-768x576.jpg 768w, https:\/\/lafermedetarbes.com\/wp-content\/uploads\/2018\/07\/P1010940-1024x768.jpg 1024w\" sizes=\"(max-width: 534px) 100vw, 534px\" \/><\/strong><\/p>\n<div id=\"tabs_content\" class=\"cm-tabs-content ty-tabs__content clearfix\">\n<div id=\"content_description\" class=\"ty-wysiwyg-content content-description\">\n<div>\n<p>Yaourt de brebis doux et onctueux<\/p>\n<p>Un petit pot \u00e9quivaut \u00e0 3 yaourts individuels<\/p>\n<\/div>\n<\/div>\n<\/div>\n<p><strong>Pot de 370ml &#8211; 4,20\u20ac pi\u00e8ce<\/strong><\/p>\n<p>Ingr\u00e9dients : lait pasteuris\u00e9 de brebis bio, ferments lactiques<\/p>\n<p><em>Les pots en verre peuvent \u00eatre r\u00e9cup\u00e9r\u00e9s pour le bienfait de l\u2019environnement !<\/em><\/p>\n<h2 class=\"prod_ferme\" style=\"text-align: center;\"><strong>La tomme de brebis fermi\u00e8re<br \/><\/strong><\/h2>\n<p style=\"text-align: center;\"><strong><img decoding=\"async\" loading=\"lazy\" class=\"wp-image-778 aligncenter\" src=\"http:\/\/lafermedetarbes.com\/wp-content\/uploads\/2022\/05\/La-tomme-de-brebis-200x300.jpg\" alt=\"\" width=\"395\" height=\"593\" srcset=\"https:\/\/lafermedetarbes.com\/wp-content\/uploads\/2022\/05\/La-tomme-de-brebis-200x300.jpg 200w, https:\/\/lafermedetarbes.com\/wp-content\/uploads\/2022\/05\/La-tomme-de-brebis-683x1024.jpg 683w, https:\/\/lafermedetarbes.com\/wp-content\/uploads\/2022\/05\/La-tomme-de-brebis-768x1152.jpg 768w, https:\/\/lafermedetarbes.com\/wp-content\/uploads\/2022\/05\/La-tomme-de-brebis-1024x1536.jpg 1024w, https:\/\/lafermedetarbes.com\/wp-content\/uploads\/2022\/05\/La-tomme-de-brebis-1365x2048.jpg 1365w, https:\/\/lafermedetarbes.com\/wp-content\/uploads\/2022\/05\/La-tomme-de-brebis-scaled.jpg 1707w\" sizes=\"(max-width: 395px) 100vw, 395px\" \/><\/strong><\/p>\n<p>Tomme fermi\u00e8re au lait cru entier de brebis Bio affin\u00e9e 2 mois minimum dans notre cave<\/p>\n<p><strong>A la coupe &#8211; 32\u20ac\/kg<\/strong><\/p>\n<p>Ingr\u00e9dients : Lait cru de brebis bio, sel, pr\u00e9sure, ferments lactiques<\/p>\n<h2 class=\"western\" align=\"center\">Le brebidou<\/h2>\n<p align=\"center\"><img decoding=\"async\" loading=\"lazy\" class=\"alignnone  wp-image-814\" src=\"http:\/\/lafermedetarbes.com\/wp-content\/uploads\/2022\/05\/Brebidou-marche-300x182.png\" alt=\"\" width=\"560\" height=\"340\" srcset=\"https:\/\/lafermedetarbes.com\/wp-content\/uploads\/2022\/05\/Brebidou-marche-300x182.png 300w, https:\/\/lafermedetarbes.com\/wp-content\/uploads\/2022\/05\/Brebidou-marche.png 599w\" sizes=\"(max-width: 560px) 100vw, 560px\" \/><\/p>\n<p>Fromage au lait cru \u00e0 p\u00e2te molle, type reblochon de brebis<\/p>\n<p>Peut aussi \u00eatre utilis\u00e9 en cuisine, id\u00e9al pour la \u00ab\u00a0Tarbiflette\u00a0\u00bb (voir nos <a href=\"http:\/\/lafermedetarbes.com\/?page_id=543\">Id\u00e9es recettes<\/a>), pour la raclette ou la Croziflette<\/p>\n<p><strong>A la coupe &#8211; 32\u20ac\/kg<\/strong><\/p>\n<p>Ingr\u00e9dients : Lait cru de brebis bio, sel, pr\u00e9sure, ferments lactiques<\/p>\n<h2 class=\"prod_ferme\" style=\"text-align: center;\"><strong>Le blanc des pr\u00e9s<\/strong><\/h2>\n<p style=\"text-align: center;\"><strong><img decoding=\"async\" loading=\"lazy\" class=\" wp-image-99 aligncenter\" src=\"http:\/\/lafermedetarbes.com\/wp-content\/uploads\/2018\/07\/Le-blanc-des-pr\u00e9s-300x200.jpg\" alt=\"\" width=\"602\" height=\"401\" srcset=\"https:\/\/lafermedetarbes.com\/wp-content\/uploads\/2018\/07\/Le-blanc-des-pr\u00e9s-300x200.jpg 300w, https:\/\/lafermedetarbes.com\/wp-content\/uploads\/2018\/07\/Le-blanc-des-pr\u00e9s-768x512.jpg 768w, https:\/\/lafermedetarbes.com\/wp-content\/uploads\/2018\/07\/Le-blanc-des-pr\u00e9s.jpg 1024w\" sizes=\"(max-width: 602px) 100vw, 602px\" \/><\/strong><\/p>\n<p><span class=\"st\">Fromage au lait cru \u00e0 p\u00e2te molle et \u00e0 cro\u00fbte fleurie, type camembert de brebis <br \/><\/span><\/p>\n<p><strong>8,40\u20ac pi\u00e8ce<\/strong><\/p>\n<p>Ingr\u00e9dients : Lait cru de brebis bio, sel, pr\u00e9sure, ferments lactiques<\/p>\n<h2 class=\"prod_ferme\" style=\"text-align: center;\"><strong>La f\u00e9tabrebis<\/strong><\/h2>\n<p style=\"text-align: center;\"><strong><img decoding=\"async\" loading=\"lazy\" class=\" wp-image-89 aligncenter\" src=\"http:\/\/lafermedetarbes.com\/wp-content\/uploads\/2018\/07\/P1020172-300x225.jpg\" alt=\"\" width=\"537\" height=\"403\" srcset=\"https:\/\/lafermedetarbes.com\/wp-content\/uploads\/2018\/07\/P1020172-300x225.jpg 300w, https:\/\/lafermedetarbes.com\/wp-content\/uploads\/2018\/07\/P1020172-768x576.jpg 768w, https:\/\/lafermedetarbes.com\/wp-content\/uploads\/2018\/07\/P1020172-1024x768.jpg 1024w\" sizes=\"(max-width: 537px) 100vw, 537px\" \/><\/strong><\/p>\n<p>Fameux fromage d&rsquo;inspiration grecque, la f\u00e9tabrebis accompagnera vos salades et plats cuisin\u00e9s !<\/p>\n<p><strong>A la coupe &#8211; 29,40\u20ac\/kg<\/strong><\/p>\n<p>Ingr\u00e9dients : lait cru de brebis bio, sel, pr\u00e9sure, ferments lactiques<\/p>\n<h2 class=\"western\" style=\"text-align: center;\"><strong>Le pt\u2019i carr\u00e9<\/strong><\/h2>\n<p align=\"center\"><img decoding=\"async\" loading=\"lazy\" class=\"wp-image-772 aligncenter\" src=\"http:\/\/lafermedetarbes.com\/wp-content\/uploads\/2022\/05\/Le-ptit-carre-200x300.jpg\" alt=\"\" width=\"334\" height=\"501\" srcset=\"https:\/\/lafermedetarbes.com\/wp-content\/uploads\/2022\/05\/Le-ptit-carre-200x300.jpg 200w, https:\/\/lafermedetarbes.com\/wp-content\/uploads\/2022\/05\/Le-ptit-carre-683x1024.jpg 683w, https:\/\/lafermedetarbes.com\/wp-content\/uploads\/2022\/05\/Le-ptit-carre-768x1152.jpg 768w, https:\/\/lafermedetarbes.com\/wp-content\/uploads\/2022\/05\/Le-ptit-carre-1024x1536.jpg 1024w, https:\/\/lafermedetarbes.com\/wp-content\/uploads\/2022\/05\/Le-ptit-carre-1365x2048.jpg 1365w, https:\/\/lafermedetarbes.com\/wp-content\/uploads\/2022\/05\/Le-ptit-carre-scaled.jpg 1707w\" sizes=\"(max-width: 334px) 100vw, 334px\" \/><\/p>\n<p style=\"text-align: left;\" align=\"center\">Fromage lactique de brebis , saveur douce et fondant en bouche<\/p>\n<p>Le pt\u2019i carr\u00e9 peut aussi se faire toaster au four pour accompagner une<br \/>salade au \u00ab brebis chaud \u00bb !<\/p>\n<p><strong>4,10\u20ac pi\u00e8ce<\/strong><\/p>\n<p>Ingr\u00e9dients : Lait cru de brebis bio, sel, pr\u00e9sure, ferments lactiques<\/p>\n<h3 style=\"text-align: center;\"><strong>A tr\u00e8s bient\u00f4t<\/strong><\/h3>\n<h3 style=\"text-align: center;\">Justine et Yann<\/h3>\n<p style=\"text-align: center;\">Nos produits sont disponibles sur commande \u00e0 la ferme et dans nos diff\u00e9rents points de vente, en fonction de la saison et selon leur stade d&rsquo;affinage<\/p>\n<p style=\"text-align: center;\">Les tarifs ci-dessus sont valable pour la saison 2024-2025<\/p>\n<p style=\"text-align: center;\">Produits frais de d\u00e9cembre \u00e0 d\u00e9but juin, pendant la saison de lactation des brebis<\/p>\n<p style=\"text-align: center;\">Bonne d\u00e9gustation !<\/p>\n<h1 style=\"text-align: center;\"><a href=\"https:\/\/lafermedetarbes.com\/?page_id=76\"><strong>O\u00f9 trouver nos produits ?<\/strong><\/a><\/h1>\n\n\n<p><\/p>\n","protected":false},"excerpt":{"rendered":"<p>Les fromages et les yaourts de brebis de la ferme Nos produits sont disponibles sur commande \u00e0 la ferme et dans nos diff\u00e9rents points de vente, en fonction de la saison et selon leur stade d&rsquo;affinage Les tarifs ci-dessous sont valable pour la saison 2024-2025 Produits frais de d\u00e9cembre \u00e0 d\u00e9but juin, pendant la saison [&hellip;]<\/p>\n","protected":false},"author":1,"featured_media":0,"parent":0,"menu_order":0,"comment_status":"closed","ping_status":"closed","template":"","meta":{"footnotes":""},"_links":{"self":[{"href":"https:\/\/lafermedetarbes.com\/index.php?rest_route=\/wp\/v2\/pages\/73"}],"collection":[{"href":"https:\/\/lafermedetarbes.com\/index.php?rest_route=\/wp\/v2\/pages"}],"about":[{"href":"https:\/\/lafermedetarbes.com\/index.php?rest_route=\/wp\/v2\/types\/page"}],"author":[{"embeddable":true,"href":"https:\/\/lafermedetarbes.com\/index.php?rest_route=\/wp\/v2\/users\/1"}],"replies":[{"embeddable":true,"href":"https:\/\/lafermedetarbes.com\/index.php?rest_route=%2Fwp%2Fv2%2Fcomments&post=73"}],"version-history":[{"count":123,"href":"https:\/\/lafermedetarbes.com\/index.php?rest_route=\/wp\/v2\/pages\/73\/revisions"}],"predecessor-version":[{"id":1028,"href":"https:\/\/lafermedetarbes.com\/index.php?rest_route=\/wp\/v2\/pages\/73\/revisions\/1028"}],"wp:attachment":[{"href":"https:\/\/lafermedetarbes.com\/index.php?rest_route=%2Fwp%2Fv2%2Fmedia&parent=73"}],"curies":[{"name":"wp","href":"https:\/\/api.w.org\/{rel}","templated":true}]}}