{"id":1003,"date":"2024-06-30T18:53:49","date_gmt":"2024-06-30T16:53:49","guid":{"rendered":"http:\/\/lafermedetarbes.com\/?page_id=1003"},"modified":"2024-06-30T19:19:13","modified_gmt":"2024-06-30T17:19:13","slug":"les-arbres-fourragers","status":"publish","type":"page","link":"https:\/\/lafermedetarbes.com\/?page_id=1003","title":{"rendered":"Les arbres fourragers"},"content":{"rendered":"\n<figure class=\"wp-block-gallery has-nested-images columns-default is-cropped wp-block-gallery-1 is-layout-flex wp-block-gallery-is-layout-flex\">\n<figure class=\"wp-block-image size-large\"><img decoding=\"async\" loading=\"lazy\" width=\"653\" height=\"925\" data-id=\"1013\" src=\"http:\/\/lafermedetarbes.com\/wp-content\/uploads\/2024\/06\/Poster-Parcelle-Arbres-fourragers.png\" alt=\"\" class=\"wp-image-1013\" srcset=\"https:\/\/lafermedetarbes.com\/wp-content\/uploads\/2024\/06\/Poster-Parcelle-Arbres-fourragers.png 653w, https:\/\/lafermedetarbes.com\/wp-content\/uploads\/2024\/06\/Poster-Parcelle-Arbres-fourragers-212x300.png 212w\" sizes=\"(max-width: 653px) 100vw, 653px\" \/><\/figure>\n<\/figure>\n\n\n\n<div class=\"wp-block-group is-layout-constrained wp-block-group-is-layout-constrained\"><div class=\"wp-block-group__inner-container\">\n<div class=\"wp-block-group is-layout-constrained wp-block-group-is-layout-constrained\"><div class=\"wp-block-group__inner-container\">\n<div class=\"wp-block-group is-layout-constrained wp-block-group-is-layout-constrained\"><div class=\"wp-block-group__inner-container\">\n<p>Depuis l&rsquo;automne 2021, nous avons mis en place avec l&rsquo;association arbres et paysages de l&rsquo;Aude et la Chambre d&rsquo;agriculture une parcelle test de haies fourrag\u00e8res prot\u00e9g\u00e9es par des haies brise-vent<\/p>\n\n\n\n<p><strong>Voici les essences fourrag\u00e8res plant\u00e9es sur la parcelle :<\/strong><\/p>\n\n\n\n<p>Cornouiller sanguin (Cornus sanguinea) : Buisson<br>Viorne lantane (Viburnum lantana) : Buisson<br>Coronille glauque (Coronilla glauca) : Buisson<br>Lilas commun (Syringa vulgaris) : Arbuste<br>Tro\u00e8ne (Ligustrum vulgare) : Arbuste<br>Sureau noir (Sambucus nigra) : Arbuste<br>Murier blanc (Morus alba) : Arbre<br>Fr\u00eane oxyphylle (Fraxinus oxyphylla) : Arbre<br>Saule marsault (Salix caprea) : Arbre<\/p>\n\n\n\n<p><strong>Voici les principales essences plant\u00e9s pour les haies brise-vent :<\/strong><\/p>\n\n\n\n<p>Cornouiller sanguin (Cornus sanguinea) : Buisson<br>Prunelier (Prunus spinosa) : Buisson<br>Eglantier (Rosa canina) : Buisson<br>Laurier tin (Viburnum tinus) : Buisson<br>Noisetier (Corylus avellana) : Arbuste<br>Cerisier Ste-Lucie (Prunus mahaleb) : Arbuste<br>Nerprun (Rhamnus alaternus) : Arbuste<br>Erable de Montpellier (Acer monspessulanum) : Arbre<\/p>\n\n\n\n<p>Aulne de Corse (Alnus cordata) : Arbre<br>Charme houblon (Ostrya carpinifolia) : Arbre<\/p>\n\n\n\n<p>Lilas commun (Syringa vulgaris) : Arbuste<br>Tro\u00e8ne (Ligustrum vulgare) : Arbuste<br>Sureau noir (Sambucus nigra) : Arbuste<br>Murier blanc (Morus alba) : Arbre<br>Fr\u00eane oxyphylle (Fraxinus oxyphylla) : Arbre<br>Saule marsault (Salix caprea) : Arbre<\/p>\n<\/div><\/div>\n<\/div><\/div>\n<\/div><\/div>\n","protected":false},"excerpt":{"rendered":"<p>Depuis l&rsquo;automne 2021, nous avons mis en place avec l&rsquo;association arbres et paysages de l&rsquo;Aude et la Chambre d&rsquo;agriculture une parcelle test de haies fourrag\u00e8res prot\u00e9g\u00e9es par des haies brise-vent Voici les essences fourrag\u00e8res plant\u00e9es sur la parcelle : Cornouiller sanguin (Cornus sanguinea) : BuissonViorne lantane (Viburnum lantana) : BuissonCoronille glauque (Coronilla glauca) : BuissonLilas [&hellip;]<\/p>\n","protected":false},"author":1,"featured_media":0,"parent":0,"menu_order":0,"comment_status":"closed","ping_status":"closed","template":"","meta":{"footnotes":""},"_links":{"self":[{"href":"https:\/\/lafermedetarbes.com\/index.php?rest_route=\/wp\/v2\/pages\/1003"}],"collection":[{"href":"https:\/\/lafermedetarbes.com\/index.php?rest_route=\/wp\/v2\/pages"}],"about":[{"href":"https:\/\/lafermedetarbes.com\/index.php?rest_route=\/wp\/v2\/types\/page"}],"author":[{"embeddable":true,"href":"https:\/\/lafermedetarbes.com\/index.php?rest_route=\/wp\/v2\/users\/1"}],"replies":[{"embeddable":true,"href":"https:\/\/lafermedetarbes.com\/index.php?rest_route=%2Fwp%2Fv2%2Fcomments&post=1003"}],"version-history":[{"count":5,"href":"https:\/\/lafermedetarbes.com\/index.php?rest_route=\/wp\/v2\/pages\/1003\/revisions"}],"predecessor-version":[{"id":1014,"href":"https:\/\/lafermedetarbes.com\/index.php?rest_route=\/wp\/v2\/pages\/1003\/revisions\/1014"}],"wp:attachment":[{"href":"https:\/\/lafermedetarbes.com\/index.php?rest_route=%2Fwp%2Fv2%2Fmedia&parent=1003"}],"curies":[{"name":"wp","href":"https:\/\/api.w.org\/{rel}","templated":true}]}}